
63
Calculate the remainder when 289 is divided by 113.
63
What is the remainder when 250 is divided by 51?
46
What is the remainder when 3456 is divided by 266?
264
Calculate the remainder when 7624 is divided by 31.
29
What is the remainder when 12 is divided by 2?
0
What is the remainder when 517 is divided by 40?
37
What is the remainder when 99 is divided by 25?
24
What is the remainder when 424 is divided by 39?
34
What is the remainder when 1258 is divided by 70?
68
Calculate the remainder when 510 is divided by 80.
30
Calculate the remainder when 1312 is divided by 69.
1
Calculate the remainder when 6155 is divided by 3068.
19
Calculate the remainder when 312 is divided by 28.
4
Calculate the remainder when 787 is divided by 159.
151
Calculate the remainder when 223 is divided by 35.
13
Calculate the remainder when 252 is divided by 29.
20
Calculate the remainder when 226 is divided by 11.
6
Calculate the remainder when 929 is divided by 30.
29
What is the remainder when 330 is divided by 109?
3
What is the remainder when 1067 is divided by 17?
13
What is the remainder when 1138 is divided by 566?
6
Calculate the remainder when 1103 is divided by 14.
11
What is the remainder when 87 is divided by 8?
7
What is the remainder when 368 is divided by 76?
64
Calculate the remainder when 454 is divided by 4.
2
What is the remainder when 253 is divided by 15?
13
Calculate the remainder when 41 is divided by 7.
6
Calculate the remainder when 1004 is divided by 15.
14
Calculate the remainder when 237 is divided by 16.
13
Calculate the remainder when 71 is divided by 43.
28
What is the remainder when 177 is divided by 48?
33
What is the remainder when 125 is divided by 17?
6
What is the remainder when 173 is divided by 25?
23
Calculate the remainder when 89 is divided by 9.
8
Calculate the remainder when 251 is divided by 27.
8
Calculate the remainder when 2556 is divided by 15.
6
What is the remainder when 125 is divided by 42?
41
What is the remainder when 282 is divided by 16?
10
What is the remainder when 13278 is divided by 302?
292
What is the remainder when 57 is divided by 32?
25
What is the remainder when 6170 is divided by 121?
120
Calculate the remainder when 76 is divided by 8.
4
Calculate the remainder when 34 is divided by 9.
7
Calculate the remainder when 276 is divided by 14.
10
What is the remainder when 197 is divided by 70?
57
Calculate the remainder when 414 is divided by 194.
26
Calculate the remainder when 90 is divided by 20.
10
What is the remainder when 1042 is divided by 9?
7
Calculate the remainder when 428 is divided by 96.
44
Calculate the remainder when 4513 is divided by 147.
103
What is the remainder when 275 is divided by 152?
123
Calculate the remainder when 805 is divided by 33.
13
What is the remainder when 6891 is divided by 383?
380
Calculate the remainder when 65 is divided by 6.
5
What is the remainder when 2368 is divided by 18?
10
What is the remainder when 128 is divided by 30?
8
Calculate the remainder when 1046 is divided by 131.
129
What is the remainder when 148 is divided by 15?
13
Calculate the remainder when 419 is divided by 75.
44
Calculate the remainder when 765 is divided by 128.
125
Calculate the remainder when 44 is divided by 14.
2
What is the remainder when 90 is divided by 12?
6
Calculate the remainder when 287 is divided by 48.
47
Calculate the remainder when 52 is divided by 17.
1
Calculate the remainder when 83 is divided by 53.
30
What is the remainder when 16583 is divided by 12?
11
Calculate the remainder when 206 is divided by 54.
44
Calculate the remainder when 14 is divided by 9.
5
Calculate the remainder when 633 is divided by 4.
1
Calculate the remainder when 539 is divided by 61.
51
What is the remainder when 1079 is divided by 504?
71
Calculate the remainder when 123 is divided by 70.
53
Calculate the remainder when 52 is divided by 10.
2
Calculate the remainder when 212 is divided by 36.
32
What is the remainder when 81 is divided by 59?
22
Calculate the remainder when 136 is divided by 40.
16
Calculate the remainder when 1166 is divided by 128.
14
Calculate the remainder when 139 is divided by 42.
13
What is the remainder when 207 is divided by 36?
27
Calculate the remainder when 154 is divided by 32.
26
What is the remainder when 1173 is divided by 12?
9
What is the remainder when 295 is divided by 143?
9
What is the remainder when 162 is divided by 32?
2
Calculate the remainder when 106 is divided by 22.
18
Calculate the remainder when 473 is divided by 120.
113
Calculate the remainder when 162 is divided by 56.
50
Calculate the remainder when 44 is divided by 40.
4
Calculate the remainder when 5668 is divided by 270.
268
What is the remainder when 562 is divided by 21?
16
Calculate the remainder when 647 is divided by 24.
23
What is the remainder when 1699 is divided by 65?
9
Calculate the remainder when 210 is divided by 43.
38
Calculate the remainder when 147 is divided by 44.
15
Calculate the remainder when 381 is divided by 48.
45
Calculate the remainder when 272 is divided by 2.
0
What is the remainder when 2447 is divided by 36?
35
Calculate the remainder when 188 is divided by 68.
52
Calculate the remainder when 749 is divided by 75.
74
Calculate the remainder when 79 is divided by 46.
33
Calculate the remainder when 830 is divided by 18.
2
What is the remainder when 343 is divided by 10?
3
What is the remainder when 98 is divided by 57?
41
What is the remainder when 94 is divided by 65?
29
What is the remainder when 60 is divided by 16?
12
What is the remainder when 84 is divided by 17?
16
What is the remainder when 2311 is divided by 26?
23
What is the remainder when 1457 is divided by 20?
17
Calculate the remainder when 196 is divided by 95.
6
What is the remainder when 8504 is divided by 181?
178
What is the remainder when 261 is divided by 106?
49
What is the remainder when 126 is divided by 11?
5
What is the remainder when 207 is divided by 15?
12
Calculate the remainder when 560 is divided by 124.
64
What is the remainder when 783 is divided by 65?
3
What is the remainder when 3174 is divided by 46?
0
What is the remainder when 502 is divided by 128?
118
What is the remainder when 171 is divided by 86?
85
Calculate the remainder when 1214 is divided by 38.
36
What is the remainder when 123 is divided by 48?
27
What is the remainder when 93 is divided by 48?
45
Calculate the remainder when 15 is divided by 14.
1
What is the remainder when 1366 is divided by 6?
4
Calculate the remainder when 434 is divided by 19.
16
What is the remainder when 855 is divided by 107?
106
What is the remainder when 755 is divided by 169?
79
What is the remainder when 206 is divided by 27?
17
What is the remainder when 175 is divided by 59?
57
Calculate the remainder when 32 is divided by 6.
2
Calculate the remainder when 54128 is divided by 156.
152
Calculate the remainder when 1596 is divided by 528.
12
Calculate the remainder when 1181 is divided by 132.
125
Calculate the remainder when 1455 is divided by 104.
103
Calculate the remainder when 1413 is divided by 7.
6
What is the remainder when 203 is divided by 7?
0
What is the remainder when 4214 is divided by 1053?
2
What is the remainder when 5518 is divided by 80?
78
Calculate the remainder when 147 is divided by 6.
3
Calculate the remainder when 1968 is divided by 9.
6
What is the remainder when 81 is divided by 15?
6
What is the remainder when 170 is divided by 90?
80
Calculate the remainder when 358 is divided by 72.
70
What is the remainder when 503 is divided by 22?
19
Calculate the remainder when 77 is divided by 9.
5
What is the remainder when 60 is divided by 29?
2
What is the remainder when 887 is divided by 111?
110
Calculate the remainder when 154 is divided by 34.
18
Calculate the remainder when 1798 is divided by 44.
38
Calculate the remainder when 277 is divided by 68.
5
Calculate the remainder when 731 is divided by 349.
33
Calculate the remainder when 2993 is divided by 215.
198
Calculate the remainder when 18959 is divided by 283.
281
What is the remainder when 867 is divided by 5?
2
What is the remainder when 801 is divided by 4?
1
What is the remainder when 405 is divided by 6?
3
What is the remainde